lse
Is 5981 prime?
True
Is 632447 a prime number?
True
Is 203741 composite?
True
Is 3307 a composite number?
False
Is 86423 composite?
False
Is 15727 composite?
False
Is 1357591 a prime number?
False
Is 11963 a composite number?
True
Is 35363 composite?
False
Is 37543 prime?
False
Is 156589 a composite number?
False
Is 54361 prime?
True
Is 175969 composite?
True
Is 69973 composite?
True
Is 6947 prime?
True
Is 5701 a composite number?
False
Is 11677 a prime number?
True
Is 38431 a prime number?
True
Is 1042 a prime number?
False
Is 179981 prime?
True
Is 13031 a prime number?
False
Is 12893 composite?
False
Is 51763 a prime number?
False
Is 687749 a composite number?
False
Is 420341 a prime number?
True
Is 8857 a composite number?
True
Is 114265 prime?
False
Is 286261 composite?
True
Is 635 a composite number?
True
Is 96207 composite?
True
Is 156967 a prime number?
True
Is 18022 composite?
True
Is 46889 prime?
True
Is 708097 a composite number?
True
Is 53441 a composite number?
False
Is 37307 a prime number?
True
Is 21557 composite?
False
Is 86381 composite?
False
Is 603961 a composite number?
True
Is 200437 a composite number?
False
Is 295346 prime?
False
Is 1337489 composite?
False
Is 7039 a prime number?
True
Is 195205 prime?
False
Is 879449 composite?
False
Is 52031 composite?
True
Is 12193 a composite number?
True
Is 6594403 prime?
True
Is 358471 a composite number?
False
Is 3695297 a prime number?
True
Is 196067 a prime number?
False
Is 17411 a composite number?
True
Is 133063 prime?
False
Is 35009 prime?
False
Is 145063 a prime number?
True
Is 159351 composite?
True
Is 25733 a prime number?
True
Is 5561 a composite number?
True
Is 23407 a prime number?
False
Is 1151 prime?
True
Is 84401 prime?
True
Is 15231 composite?
True
Is 293983 a composite number?
False
Is 2228711 prime?
True
Is 459899 a composite number?
True
Is 36433 a prime number?
True
Is 115411 a composite number?
True
Is 2095 a prime number?
False
Is 28807 composite?
False
Is 2746 composite?
True
Is 26801 composite?
False
Is 6595 prime?
False
Is 8135 a composite number?
True
Is 5141 a composite number?
True
Is 62165 composite?
True
Is 33503 a composite number?
False
Is 36129 a prime number?
False
Is 28799 a prime number?
False
Is 78007 a prime number?
True
Is 172787 a prime number?
True
Is 186562 a prime number?
False
Is 64145 a prime number?
False
Is 14791 a composite number?
True
Is 111139 composite?
True
Is 1157735 a composite number?
True
Is 4399 a composite number?
True
Is 1127861 composite?
True
Is 1988947 prime?
False
Is 4091 composite?
False
Is 3645221 a composite number?
True
Is 7621 composite?
False
Is 4289 a prime number?
True
Is 16447 prime?
True
Is 281717 a composite number?
False
Is 321163 composite?
False
Is 30757 prime?
True
Is 17569 prime?
True
Is 16921 a prime number?
True
Is 22531 a prime number?
True
Is 2495 composite?
True
Is 84679 composite?
True
Is 32449 a composite number?
True
Is 57347 a prime number?
True
Is 1459 prime?
True
Is 1623 prime?
False
Is 356803 prime?
True
Is 8040373 a prime number?
False
Is 15091 a prime number?
True
Is 1692629 prime?
True
Is 2309 prime?
True
Is 810181 composite?
True
Is 507301 composite?
False
Is 305993 prime?
False
Is 55969 a composite number?
True
Is 67597 a composite number?
True
Is 81097 composite?
False
Is 20089 prime?
True
Is 4729 composite?
False
Is 1649327 a prime number?
True
Is 13829 a prime number?
True
Is 3721 composite?
True
Is 444701 prime?
True
Is 189031 a prime number?
False
Is 22739 a composite number?
False
Is 73847 composite?
False
Is 1239701 composite?
True
Is 1309795 a prime number?
False
Is 60641 composite?
True
Is 24439 composite?
False
Is 190769 a composite number?
False
Is 96731 a prime number?
True
Is 89 a composite number?
False
Is 25342 a prime number?
False
Is 306847 composite?
False
Is 307811 prime?
False
Is 6113 a composite number?
False
Is 51971 composite?
False
Is 177773 composite?
True
Is 115519 a prime number?
False
Is 2779 composite?
True
Is 160757 a composite number?
False
Is 4861 a prime number?
True
Is 703489 a composite number?
False
Is 1025761 a composite number?
True
Is 24818 a composite number?
True
Is 61543 a composite number?
False
Is 2917 composite?
False
Is 3388169 composite?
False
Is 95461 prime?
True
Is 3137 a composite number?
False
Is 73198 a prime number?
False
Is 405169 prime?
False
Is 3271 a composite number?
False
Is 57899 prime?
True
Is 65809 a prime number?
True
Is 6459 composite?
True
Is 7642 prime?
False
Is 48751 prime?
True
Is 8513 a composite number?
False
Is 16733 a composite number?
True
Is 960898 composite?
True
Is 110571 a prime number?
False
Is 24733 a prime number?
True
Is 224947 prime?
True
Is 199657 a prime number?
True
Is 2359 a composite number?
True
Is 914339 a composite number?
False
Is 226601 prime?
True
Is 99566 prime?
False
Is 21211 composite?
False
Is 19661 a composite number?
False
Is 104309 a composite number?
False
Is 24997 composite?
True
Is 7343 a composite number?
True
Is 2393 composite?
False
Is 16787 prime?
True
Is 7177 a prime number?
True
Is 743 a composite number?
False
Is 67174 composite?
True
Is 7835 composite?
True
Is 15809 composite?
False
Is 74551 a prime number?
True
Is 226079 composite?
True
Is 5513 composite?
True
Is 95521 prime?
False
Is 74929 prime?
True
Is 284545 prime?
False
Is 26689 composite?
True
Is 283537 a composite number?
True
Is 447407 composite?
True
Is 7901 composite?
False
Is 15373 prime?
True
Is 177635 prime?
False
Is 42853 a prime number?
True
Is 36911 a prime number?
False
Is 617161 prime?
True
Is 9886 prime?
False
Is 10697 a composite number?
True
Is 17455 prime?
False
Is 6401 a prime number?
False
Is 1572899 prime?
False
Is 338033 a composite number?
False
Is 1931 a composite number?
False
Is 6257 a composite number?
False
Is 78121 composite?
False
Is 118819 a composite number?
False
Is 242027 a composite number?
True
Is 83849 a composite number?
True
Is 5435 a composite number?
True
Is 328183 a prime number?
False
Is 22441 a prime number?
True
Is 241027 composite?
False
Is 606831 composite?
True
Is 1654637 composite?
True
Is 622 a prime number?
False
Is 5585 a prime number?
False
Is 4690319 a composite number?
True
Is 4091 prime?
True
Is 1136669 prime?
True
Is 53699 a prime number?
True
Is 187441 a composite number?
False
Is 451977 prime?
False
Is 37489 prime?
True
Is 462337 composite?
False
Is 767139 composite?
True
Is 13217 prime?
True
Is 92623 composite?
False
Is 409387 a composite number?
True
Is 38543 a composite number?
False
Is 299 a composite number?
True
Is 11677 composite?
False
Is 16622 a composite number?
True
Is 3973 composite?
True
Is 10157 a prime number?
False
Is 306263 composite?
False
Is 20063 a prime number?
True
Is 869 a prime number?
False
Is 46679 composite?
False
Is 12941 a prime number?
True
Is 2815 a composite number?
True
Is 131861 a prime number?
True
Is 43601 a prime number?
False
Is 1451 a prime number?
True
Is 1637 a prime number?
True
Is 42737 composite?
False
Is 387649 composite?
True
Is 972047 a prime number?
True
Is 1442483 prime?
False
Is 82165 a prime number?
False
Is 15127 a composite number?
True
Is 647 a composite number?
False
Is 223 composite?
False
Is 23719 prime?
True
Is 440849 composite?
False
Is 13323 prime?
False
Is 257837 prime?
True
Is 9979 prime?
False
Is 175627 composite?
True
Is 3907 composite?
False
Is 168851 a prime number?
True
Is 77005 prime?
False
Is 27457 a prime number?
True
Is 8387 a prime number?
True
Is 215437 prime?
False
Is 27949 prime?
False
Is 136673 a prime number?
False
Is 79817 composite?
False
Is 63239 a composite number?
True
Is 82129 a composite number?
False
Is 6247 composite?
False
Is 42887 prime?
False
Is 26591 prime?
True
Is 58657 prime?
True
Is 21001 a composite number?
False
Is 1419709 a prime number?
False
Is 1044041 a composite number?
False
Is 58885 prime?
False
Is 125887 prime?
True
Is 68033 composite?
True
Is 186437 a prime number?
True
Is 6803 a prime number?
True
Is 7671 a composite number?
True
Is 2603 prime?
False
Is 998147 a composite number?
False
Is 15397 composite?
True
Is 7289 a prime number?
False
Is 83653 a composite number?
False
Is 28761 prime?
False
Is 19121 prime?
True
Is 596959 prime?
False
Is 90703 a prime